32 - (-18 + -24))?
-12
(1 - -9) + (19 - 24 - -5)
10
11 - (-20 - -39 - (-13 - -24))
3
Evaluate -17 - (-29 - 8) - (-5 + 5).
20
What is 1 + -35 + 35 - (-2 + 9)?
-6
Calculate (1 - 9) + 4 + (5 - (5 - 30)).
26
Evaluate (-20 + 1 - -21) + -19.
-17
What is the value of 3 + -45 + 93 + -67?
-16
Calculate -136 + 155 - (0 + -1 + 0).
20
What is the value of -2 + -39 - (5 + 2 + -10 + -4)?
-34
What is 2 + -7 + -101 + 111?
5
What is (3 - (6 + -1)) + (14 - (7 + 0))?
5
-12 + 1 - (-19 + 17 + 0)
-9
Calculate -10 + -8 + -1 + (-34 - -28).
-25
What is the value of 6 + -10 + 4 + -7 - -15?
8
Evaluate -8 - (-41 - -21) - 10.
2
Evaluate (-25 - (25 + -18)) + 16.
-16
What is the value of 77 + -85 - (-13 - (-1 - 0))?
4
What is the value of (14 - -17) + -25 + -21?
-15
Evaluate 2 + 10 + 16 + (-1 - 3) + 0.
24
What is the value of (-14 - -19) + (-8 - -1) + 2?
0
Evaluate 7 - (7 - (0 + 8) - -2 - 6).
12
Calculate 11 - ((-4 - 6) + (4 - 2 - 4)).
23
Calculate -101 - -120 - (0 - -5).
14
Calculate 2 - 2 - (5 + -1) - -2.
-2
What is the value of -8 + 2 - -2 - ((34 - 10) + -3)?
-25
What is the value of (-2 - (-3 + 12 + -12)) + 13 + 1?
15
Calculate 114 + 113 + -217 - (1 - (-1 - 0)).
8
What is the value of (-6 - (-10 - (-17 - -7) - 29)) + -2?
21
What is the value of (4 - -10) + -18 + 6?
2
What is the value of -3 + -1 + 1 + 611 + -608?
0
25 - (5 - (-23 + 20))
17
Calculate 29 + 6 - (-1 - -43).
-7
Evaluate -14 - (-1 - 14) - -2.
3
Evaluate 3 - (36 - (2 + 27)).
-4
Calculate -19 - (12 + -14 + -8).
-9
What is the value of -14 + 36 - (38 + -26)?
10
What is (-3 + 4 - 12 - -5 - -11) + -11?
-6
Calculate (1 - 2 - 18) + -2 + (-43 - -51).
-13
What is -7 + -14 + 13 - 2?
-10
11 + -9 + -3 + -14 - (-1 - 1)
-13
What is the value of (9 - -1) + -11 + 3 + -11 + 12?
3
What is the value of 1 + -10 + -1 + -3 + (-3 - -3)?
-13
-21 - (-7 + -23 - -3)
6
What is the value of 1 + 7 + -1 - (1675 + -1649)?
-19
Evaluate 8 - (-8 - ((13 + -6 - 8) + -19)).
-4
Calculate (11 - 10) + -6 + (-3 - (1 + 2)).
-11
Evaluate -31 + -21 + 2 + 32.
-18
Calculate 90 + -104 + (10 - 2).
-6
What is (-8 - -27) + 17 + -10?
26
What is 4 + 0 + 3 + -15 + 3 + -6?
-11
(-7 - -20 - 21) + (5 - -2) - 2
-3
What is -5 - ((1 - (0 + 2 + 1)) + -3)?
0
What is 3 + -16 - -27 - -7?
21
Calculate 139 - 143 - (-2 + -7).
5
What is -11 + 2 + -2 + 7?
-4
Evaluate (7 - (8 + (-1 - 5))) + -26 + 5.
-16
What is -2 - (-20 + 6 + -7 + 10) - -17?
26
0 + 5 - (-11 + 24)
-8
Calculate 4 + -1 + -6 + 2 + 12.
11
Calculate 15 - (13 - (22 + -20)).
4
What is 31 - (24 - (2 - -5))?
14
What is the value of (0 - -10 - -4) + -14 + 14 + -7?
7
Calculate 6 - (12 + -24 + -3 - -6).
15
Calculate 28 - 35 - (7 - 0).
-14
What is the value of -319 - -320 - (18 + -1)?
-16
5 - (-9 + 28) - -11 - 0 - 10
-13
Calculate 8 + (-12 - -3) + (4 - -2 - -4).
9
What is the value of 48 + -42 - ((-4 - -7) + -2 + 2)?
3
-5 - -9 - (5 + 3 + -6)
2
Calculate -4 - ((-18 - -18) + 14).
-18
Evaluate 5 - (0 - -1 - (-11 + 10 - -8)).
11
Evaluate (-30 + 37 - -31) + -30.
8
12 + -3 + 3 + -2
10
Evaluate 13 + (-52 - (-22 + 0)).
-17
What is the value of 4 - -7 - (5 + 5 + -3)?
4
(2 - 10) + (15 - (-3 - -2) - 0)
8
What is 19 + 1 - (-1 + 2 + -40 + 45)?
14
What is the value of 15 + -11 + -5 + 2 + -13?
-12
16 - (-1 + 9) - (0 + 9 + 11)
-12
Calculate 7 + -33 + 15 - (-2 - (-21 + 4)).
-26
39 + -13 + (-94 - -43)
-25
What is 0 + -22 - (-219 + 213)?
-16
Calculate -4 - -17 - (-1 + 11) - 11.
-8
Evaluate (0 - 0) + -8 + (-14 - -30).
8
Evaluate -7 + (3 - -7) + 0 - (-1 + -4).
8
What is -4 + (0 - (-2 - -1)) - (-90 - -85)?
2
Evaluate 4 + -3 - (9 + 8 + -30).
14
What is the value of 63 + -70 - (-14 - -1) - (1 - -8)?
-3
What is -15 - -27 - (-17 + 14)?
15
(-121 - -121) + (0 - -1)
1
Calculate -15 + 30 + -22 + 6 + -6.
-7
What is the value of -54 + (-32 - -62) - (3 - 0)?
-27
What is 4 + (4 - 2) - ((2 - 7) + 5)?
6
1 - -19 - 20 - -3
3
Evaluate -4 + -1 - -2 - -15 - 3.
9
What is 8 - (-6 - (-20 + -8))?
-14
What is the value of 3 + (-4 - -15) - (-48 - -40)?
22
17 - ((-2 - -10) + (30 - 35))
14
What is the value of 0 + -39 - (20 + -31 + 3)?
-31
Evaluate 1 + -4 + 1 + (341 - 335) + 11.
15
Evaluate 1 - (3 - (-1 - -9 - (-10 + 12))).
4
Calculate -11 - 1 - (-21 + (17 - 5)).
-3
What is the value of 19 - (14 + -8 + -3)?
16
Calculate 7 + (14 - 25) - (2 + -9) - 16.
-13
Calculate 1663 + -1659 + (1 - (-16 + (3 - 2))).
20
Evaluate -10 + 10 + (-4 + 3 - -9).
8
Evaluate -12 + 0 + 1 + (-91 - (-142 + 45)).
-5
Evaluate 8 - (4 - (-4 + (3 - 3))).
0
What is 4 + -1 + 4 + 2 + -5?
4
-11 + 21 - 10 - -22
22
What is the value of 9 - 1 - (651 - 623)?
-20
(-2 - 11) + 281 + -278
-10
What is the value of 9 + -11 + 1 + 11 + -6?
4
What is the value of 5 + 1 + -9 + 1 + 1 + -8?
-9
What is -15 - -34 - (-6 - -11)?
14
Evaluate 11 + (0 - 27 - (1 + -1)).
-16
Calculate -24 + 0 + -1611 + 1631.
-4
-3 - -5 - 6 - (26 + -5 + -5)
-20
What is the value of (-27 - (-9 - -4 - 4)) + -10?
-28
Evaluate -5 + (7 - (3 - -1)) + -7 - 4.
-13
Evaluate 14 - (10 + (-11 - 12)).
27
What is the value of 4 + (1 - 11) + (26 - (-6 - -6))?
20
What is -2 + (8 - 8) + 0 - (0 + 0)?
-2
What is the value of 168 + -140 - (5 + 2)?
21
What is the value of (-4 - (1 + -11)) + (0 - -12) - 6?
12
Evaluate (4 + 12 - 9) + -13 + -9.
-15
Evaluate -16 - (0 + 15 + -37).
6
What is 7 + 7 + (-6 - 4) + -14?
-10
Evaluate -7 + -1 - (0 + -8 - (116 - 125)).
-9
What is the value of (21 - 20) + (-6 - -29) + 4 + -12?
16
What is the value of -24 - 3 - (-121 - -77)?
17
Calculate (11 - -1) + -10 + 5.
7
Calculate -5 - ((14 - 29) + -16).
26
What is -4 + -1 + (-3 - 0) + 10?
2
Evaluate 0 + (-14 - (-33 + 7)) + -4 + -2.
6
Evaluate 2 - 22 - (-158 + 140).
-2
Calculate -12 + (35 - 14 - -5).
14
-5 + -11 - -24 - 10
-2
(13 - 8 - 10) + 18
13
Evaluate -36 + 14 + (39 - 13).
4
-12 + 18 + 18 - 39
-15
-2 + (4 - 7) + 1 - (4 - 26)
18
What is (-1 - -6) + -17 + 16?
4
What is the value of -24 - (-6 + (-2 + (-6 - -11) - 5))?
-16
Calculate 17 + -36 + (-6 - -4) + 2.
-19
-22 - (6 + -4 + -33)
9
What is the value of (-21 - (-1 - 5) - -16) + 3 + -13?
-9
4 + -17 + (0 - (2 - -6)) + 2
-19
What is the value of 35 - 35 - 25 - -33?
8
What is (-6 - 0) + 5 + -1 + 7 + 1?
6
Evaluate 14 - (47 - -16 - 21).
-28
-19 + -8 + 4 + (19 - 3)
-7
(-48 - -55 - (-2 + 2 + -3)) + -33
-23
Calculate 46 + (-45 + 21 - 1).
21
Calculate 4 + 15 - 7 - 29.
-17
Calculate 228 + -199 + -18 + 0.
11
Evaluate 5 - 24 - (-68 + 64).
-15
-58 + (36 - ((-18 - -11) + 24))
-39
21 + (-91 - -95) + (-9 - -2)
18
Evaluate 14 - (-4 - -2) - ((33 - 28) + -10).
21
Calculate -10 + -23 + 20 - (-31 - -2).
16
-8 - (-18 - (16 + -25))
1
Evaluate 4 - (10 + 1 + -7 - 14).
14
Evaluate 13 + -2 - (6 + -10).
15
Calculate -32 - -12 - (-41 + 3).
18
Evaluate 6 + -1 + (5 - 20).
-10
Evaluate (159 - 147) + (-11 - (1 - 3)).
3
Calculate 6 - -3 - (-63 - -82).
-10
Evaluate 2 + (11 + 3 - 21) + 0 + 6.
1
Evaluate -16 + -7 - (18 - 42).
1
Calculate -16 + -3 - -5 - (4 - (10 + 1)).
-7
Evaluate -4 + 4 + 0 + 21 + -6 + 9.
24
1 - (1 - (-4 - (-10 - -5)))
1
What is -18 - (-48 + 10 - -20)?
0
What is 7 - (-13 + (22 - -12 - 7))?
-7
What is the value of 4 - 1 - (-134 - -135)?
2
What is the value of -3 + (-18 - -33) + -11 + 36?
37
Calculate -28 + 53 + -20 + (-35 - -1).
-29
Evaluate (12 - 6) + 15 + -12.
9
What is the value of -12 - (-6 - 17) - 9?
2
Calculate -1 - (0 + -1 + 5 + -50 + 50).
-5
Calculate 7 + 1 + -12 + (-20 - -40).
16
Calculate 13 + (-17 + 6 - 15).
-13
What is the value of 12 + (-5 - 6 - -5) + 3?
9
-9 + (-1 + -19 - -17)
-12
30 + -38 - (-12 - -4)
0
Evaluate 24 - 46 - (2 + -31).
7
What is the value of (86 - 87) + (0 - 3)?
-4
What is 237 + -226 + 3 + -6?
8
What is 14 + -26 + 12 + -17?
-17
-23 + (0 - 16) + 21
-18
Calculate -9 + -3 + (4 - 9) + 8.
-9
Calculate -14 - (6 + 0 + (4 - -14) + -26).
-12
What is 5 - ((-1 + 12 - 5) + 0 + 1)?
-2
Evaluate 10 + -10 + 4 + -10.
-6
Calculate -1 - (9 + -5) - -8 - -1.
4
Calculate -17 + (-11 + 2 - -40).
14
What is (4 - (1 - 3 - 5)) + (0 - 2)?
9
What is -1 - (0 - 7 - -3 - -6)?
-3
Calculate -123 + 126 + (0 - -1) + -16 + -24.
-36
What is -15 + (3 - -9) - -2?
-1
Calculate 2 + -2 + (7 - 4 - 0) + -6.
-3
What is the value of 1 - (1 - 2) - 8?
-6
Evaluate 11 - (6 - (19 + -14)) - (1 - 10).
19
Evaluate (-49 - -14) + 36 - (-15 + 1).
15
Calculate (66 - 60) + (-4 - 2).
0
What is the value of -11 - (0 + -1 - 15)?
5
What is (0 - (-14 - -9 - -11)) + 0?
-6
Evaluate -5 - ((17 - 12) +